 90644639 a prime number?
False
Is 186748463 prime?
False
Is 116058959 prime?
False
Is 12818034379 prime?
True
Is 554025167 prime?
True
Is 21374554 composite?
True
Is 557300383 a composite number?
True
Is 2467493597 composite?
False
Is 206469247 a composite number?
False
Is 10004461241 composite?
False
Is 125337302501 a prime number?
True
Is 599189737 a prime number?
False
Is 256851928679 composite?
True
Is 9149057 prime?
True
Is 1221364697 a composite number?
True
Is 7368594403 a prime number?
True
Is 30444599287 composite?
False
Is 12759882643 a prime number?
True
Is 2176870849 a prime number?
True
Is 138355289 composite?
False
Is 869377367 composite?
True
Is 347287553 a composite number?
True
Is 6399584627 a prime number?
False
Is 212208487 a prime number?
False
Is 4220275621 a composite number?
False
Is 3930959797 a composite number?
False
Is 307496317 a prime number?
True
Is 9696068471 prime?
False
Is 7198738249 a composite number?
False
Is 117545501 a composite number?
False
Is 981444509 a prime number?
True
Is 164561408959 a prime number?
True
Is 810186239 a composite number?
True
Is 154069431515 prime?
False
Is 1718477513 a prime number?
False
Is 57761405747 a composite number?
True
Is 1503295327 composite?
False
Is 2446867499 a composite number?
True
Is 2325498739 a prime number?
False
Is 39043556917 a composite number?
True
Is 673988713 a composite number?
False
Is 1830699671 composite?
True
Is 15634338961 composite?
False
Is 1480503589 a prime number?
False
Is 2422977341 prime?
True
Is 792592613 prime?
True
Is 225848237 a composite number?
True
Is 2601923119 a composite number?
False
Is 32139267449 prime?
True
Is 1046480753 prime?
True
Is 3347518337 a composite number?
True
Is 821372707 a composite number?
False
Is 256962907 a composite number?
False
Is 22446115499 composite?
False
Is 3304405831 a prime number?
True
Is 4770119089 a prime number?
True
Is 64535677289 a prime number?
False
Is 27310556057 a prime number?
False
Is 2615294915 composite?
True
Is 253932241 a composite number?
False
Is 462655057 a prime number?
True
Is 15448636387 composite?
True
Is 27316929229 prime?
False
Is 21087447991 a prime number?
False
Is 2415084233 prime?
False
Is 406167509 a prime number?
False
Is 2848959413 a prime number?
True
Is 14026379401 a composite number?
True
Is 688953761 composite?
False
Is 17645171551 a composite number?
True
Is 17150398945 a prime number?
False
Is 162765755 prime?
False
Is 20448449129 a composite number?
True
Is 171296939459 a composite number?
False
Is 735605371 composite?
True
Is 21026447889 composite?
True
Is 106940134513 prime?
False
Is 8381437067 composite?
False
Is 1698887279 a composite number?
True
Is 858054271 a prime number?
False
Is 11229050531 composite?
True
Is 20191203427 prime?
True
Is 140692931 a prime number?
True
Is 5500479967 composite?
True
Is 83533807 a prime number?
False
Is 146986821859 a composite number?
True
Is 191416057 prime?
False
Is 3942620179 composite?
True
Is 37483083329 composite?
False
Is 73842844399 prime?
True
Is 13102172999 composite?
True
Is 2090872427 a composite number?
True
Is 108155347 a composite number?
False
Is 2441371103 a prime number?
True
Is 3970942139 prime?
False
Is 984865127 composite?
False
Is 53403798913 composite?
False
Is 255014497 prime?
True
Is 575914541 composite?
False
Is 68027560739 composite?
True
Is 5077304387 a prime number?
False
Is 19565020721 a prime number?
True
Is 192915011 a prime number?
False
Is 460362437 prime?
False
Is 1628585429 prime?
True
Is 212491723 prime?
True
Is 6483292691 prime?
True
Is 385984717 prime?
True
Is 6431723147 composite?
True
Is 106751093 a composite number?
False
Is 5608442369 a composite number?
False
Is 1641758127 composite?
True
Is 12010492853 a prime number?
True
Is 9686292989 prime?
True
Is 3530686823 a prime number?
True
Is 135669439 a prime number?
False
Is 441051407 composite?
True
Is 50010405251 prime?
False
Is 3548437439 composite?
True
Is 159350857 composite?
True
Is 2349840757 a prime number?
False
Is 185938999585 a composite number?
True
Is 7690960373 a prime number?
True
Is 5380327041 a prime number?
False
Is 13655157283 a prime number?
True
Is 10713451979 prime?
False
Is 25057514527 a composite number?
True
Is 2258375689 a composite number?
False
Is 1151373551 a composite number?
False
Is 552560968961 a prime number?
False
Is 1117181183 a prime number?
False
Is 12201057901 prime?
False
Is 752994029 a composite number?
False
Is 1582735633 a composite number?
True
Is 10160462653 a prime number?
False
Is 330724973 composite?
True
Is 2805680831 composite?
False
Is 28260593219 a composite number?
False
Is 155727118837 a prime number?
True
Is 253178869 prime?
True
Is 281756807 a composite number?
False
Is 2292274511 a composite number?
False
Is 2152877611 a prime number?
False
Is 741082393 composite?
False
Is 1658702107 prime?
True
Is 6480886213 a composite number?
False
Is 116870069 prime?
True
Is 158139169 composite?
True
Is 17673741367 a prime number?
True
Is 362496467 prime?
True
Is 3857756879 a prime number?
True
Is 3672462559 a prime number?
False
Is 2954211439 prime?
False
Is 27321550171 a composite number?
True
Is 150138024385 composite?
True
Is 129495310181 composite?
False
Is 14362233869 a prime number?
False
Is 4076671829 composite?
False
Is 2140045283 a prime number?
False
Is 11441568129 a composite number?
True
Is 2763103969 composite?
False
Is 4352872919 prime?
True
Is 9086455765 composite?
True
Is 551433761 prime?
True
Is 85195474922 prime?
False
Is 2031457867 prime?
True
Is 18338827453 composite?
False
Is 10031126213 composite?
False
Is 712112329 prime?
True
Is 1549372754 a prime number?
False
Is 27634744639 composite?
False
Is 66740698217 a composite number?
True
Is 17162419147 a composite number?
False
Is 223901651 prime?
False
Is 211656282023 a composite number?
True
Is 349870431 prime?
False
Is 1556707757 prime?
False
Is 216859943 a prime number?
True
Is 1930047062 a prime number?
False
Is 8850548957 prime?
False
Is 1291507726 composite?
True
Is 1461846037 a prime number?
True
Is 1333898369 prime?
False
Is 1954869233 a prime number?
True
Is 15895495151 prime?
True
Is 75968265943 a prime number?
False
Is 1425995771 prime?
False
Is 11507413367 a composite number?
True
Is 8783587289 prime?
True
Is 262127939 composite?
True
Is 51690581077 prime?
False
Is 1470116614 prime?
False
Is 2072241473 a prime number?
True
Is 186781147 a prime number?
False
Is 1111046765 a prime number?
False
Is 1115680543 a composite number?
False
Is 2896076819 a composite number?
True
Is 8886076153 prime?
False
Is 409895503 composite?
False
Is 131599529 a prime number?
False
Is 5539623517 composite?
False
Is 237030053257 a prime number?
False
Is 7299067421 a prime number?
False
Is 46459771307 composite?
False
Is 126660166957 prime?
False
Is 228415426271 composite?
False
Is 3985660219 composite?
True
Is 17117981913 prime?
False
Is 20351777177 composite?
False
Is 502333469 a composite number?
True
Is 1795657277 a composite number?
True
Is 744365599 a composite number?
True
Is 79367523887 composite?
True
Is 3561009667 a composite number?
False
Is 47289670397 composite?
True
Is 1763133754 composite?
True
Is 5034672767 composite?
False
Is 3938378497 prime?
True
Is 192645399 composite?
True
Is 16574105318 prime?
False
Is 10583706701 a prime number?
False
Is 5601965417 composite?
False
Is 958737737 composite?
False
Is 22324353581 prime?
True
Is 87954917 a composite number?
True
Is 5676580447 composite?
False
Is 6500276921 a prime number?
False
Is 603648347 a prime number?
True
Is 2762610589 a composite number?
True
Is 136345691 composite?
True
Is 2440454411 a composite number?
True
Is 11476991381 a composite number?
True
Is 56819290511 a prime number?
False
Is 375457829 prime?
False
Is 5768106413 composite?
False
Is 593658521 a composite number?
True
Is 873303278 a composite number?
True
Is 3417186362 a prime number?
False
Is 61282345 a composite number?
True
Is 6555168619 a composite number?
False
Is 974942893 a prime number?
True
Is 7548246929 prime?
True
Is 272037509 a prime number?
False
Is 6166351297 composite?
False
Is 2334925379 composite?
False
Is 787085291 composite?
False
Is 1665841273 a composite number?
False
Is 3169